j) = -6*j**2 + 4*j**3 + 0*j**3 + 2*j**3 - 3*j**3 - 2 - 4*j**3. Determine t(l).
-2
Let h(m) = m**2 - 14*m + 25. Let y(z) = -z**3 - 14*z**2 + z - 199. Let o be y(-15). Determine h(o).
-8
Let b(a) be the first derivative of 1/4*a**4 - 3*a + 0*a**2 + 2*a**3 + 25. Give b(-6).
-3
Let v(x) = -2*x**3 - 2*x**2 - x + 2. Let y = 699 + -698. Calculate v(y).
-3
Suppose 0 = -6*o + 11*o - 30. Let i(p) = 11 - 5*p**2 - 4*p**3 + 3*p**3 + o*p - 3. Give i(-6).
8
Suppose -86 = 5*n + 69. Let u = 25 + n. Let h be 3*(20/u - -2). Let q(v) = v**2 + 2*v - 4. Calculate q(h).
4
Suppose 0 = 5*o + 4 - 14. Suppose -o*h - 7 = -3*h. Let j(d) = 4*d + h - 1 + 6 - 3*d. Calculate j(-6).
6
Let g(a) = 9*a + 17*a + 27 + 6*a + 14 - 31*a. Calculate g(-21).
20
Let c(y) be the first derivative of y**4/4 - 2*y**3/3 + 3*y**2/2 - 1. Suppose 7*j - 297 + 143 = -140. Give c(j).
6
Suppose 5*a + r + 34 = 0, a - 4*r = -2*r + 2. Let u(p) = -3*p + 11. Let j(n) = -n + 1. Let s(k) = -5*j(k) + u(k). Give s(a).
-6
Let r(t) = -t**3 - t**2 + 40. Let o = 78 - 78. Determine r(o).
40
Let i = -555 - -558. Suppose 4*j - 5*v = 18, -1 = -4*j - 2*v + 3. Let b(x) = 2 - x**3 + 0*x**2 + x**j + x**2 + 2*x**2. Give b(i).
11
Let q(i) = -48*i - 2. Let p be q(-1). Let s = p - 37. Let g(c) = c**2 - 6*c - 12. Determine g(s).
15
Suppose 0 = -4*x + a - 11, -9*x = -6*x + 3*a + 27. Let p(f) = -2*f**2 - 5*f + 4. Calculate p(x).
-8
Suppose -5*m = -10*m + 2*s + 194, 2*m = 4*s + 84. Suppose 0 = -m*c + 43*c - 10. Let k(h) = -h**3 + 5*h**2 - 2*h - 2. What is k(c)?
6
Let k(n) = -n**3 + 6*n**2 - 6*n. Suppose 108*g = 111*g - 15. Determine k(g).
-5
Let u(p) = -p**3 - 13*p**2 + 35*p + 78. Let m be u(-15). Let o(t) = -3*t**2 - 2*t + 5. Give o(m).
-28
Suppose -o - o = 0. Let k(p) = -p**2 - 5*p + 2. Let c be k(-5). Let w(u) = 3 - u + 0*u**3 + c*u + 2 + u**3. What is w(o)?
5
Let u(j) = j**2 - j - 1. Let l(o) = -2*o**2 - 44*o - 1. Let z be l(-22). Give u(z).
1
Let i(m) be the first derivative of -2*m**2 + m - 39. Calculate i(-1).
5
Let w(v) = -v**2 + 2*v + 1. Let f(j) = 3*j**2 + 8 + 4*j + 17 - 27 - 2*j**2. Let l be (-5)/(1/1)*1. Let n be f(l). Determine w(n).
-2
Let c(p) = p**2 + 5*p - 7. Let f be 40/(-6) + 1/((-6)/(-4)). What is c(f)?
-1
Let d(o) = o**3 - 6*o**2 + 2*o - 2. Let g(y) = y**2 + 14*y + 46. Let n be g(-10). Determine d(n).
10
Let q(u) = 5*u**2 - 288 + 283 + 0*u + u**3 + 2*u. Determine q(-4).
3
Let l(b) = b**3 + 2*b**2 + 5*b + 2. Suppose 0 = -31*h + 32*h + 3. Determine l(h).
-22
Let d(b) = -b**2 - 8*b - 6. Suppose -3*u + 2*h - 28 + 5 = 0, 12 = -2*u - 2*h. What is d(u)?
1
Let n(j) = -3*j**2 - 38*j - 7. Let a(f) = 6*f**2 + 70*f + 13. Let u(m) = -4*a(m) - 7*n(m). Calculate u(-5).
-8
Let w(s) = 11*s - 1. Let h be w(-1). Let v = h - -7. Let z(f) = -67*f**2 - 3*f + 15. Let j(q) = 15*q**2 + q - 4. Let r(m) = 9*j(m) + 2*z(m). Calculate r(v).
4
Let i(w) = -w + 7. Suppose 0*s - s + 68 = 5*u, -4*u + 43 = -3*s. What is i(u)?
-6
Let h(v) = 6*v**3 - 35*v**2 - 5*v + 10. Let p(l) = 9*l - 8*l - 2 + l**3 - 2*l**3 + 7*l**2. Let o(d) = 2*h(d) + 11*p(d). What is o(-7)?
-9
Let b(n) be the second derivative of -n**6/120 + n**5/12 - n**4/8 - n**3/2 - 8*n**2 + 7*n. Let l(k) be the first derivative of b(k). Calculate l(3).
6
Let r(l) = -88*l**2 + 83*l**2 - 6 + 4*l**3 + 5*l**3 + 1 - 10*l**3 + 4*l. What is r(-6)?
7
Let k(c) = 9*c - 1. Let h(l) = -11*l + 2. Let z(i) = -6*h(i) - 7*k(i). Calculate z(-9).
-32
Let k(g) be the second derivative of 3*g**4/4 + g**2/2 + 2*g. Suppose 50*c = 47*c. Suppose 28*m - 29*m + 1 = c. Determine k(m).
10
Let v(h) = -h**2 - 8*h - 7. Let j be (12/40*2)/(1/(-15)). Let u be (21/j - 0)*3. Determine v(u).
0
Let h(w) = 8*w**2 + w. Suppose -4*d + 8 + 0 = m, -1 = 3*d - m. Give h(d).
9
Let a(b) = b + 12. Let p(j) = j**3 - 6*j**2 + 5*j - 10. Let k be p(5). Let q be a(k). Let y(c) = c**3 + 5 - 1 - 3 - q*c**2 + 0. Determine y(2).
1
Let z(u) = 6*u - 1. Let d(s) = 5*s - 2. Let h(b) = -3*d(b) + 2*z(b). Give h(-3).
13
Let g(r) = -3*r + 18. Suppose -2*u + 12 = 3*w, 6*w - 4*u - 30 = 3*w. Let o be g(w). Suppose h - 6 - 1 = o. Let x(z) = z - 12. What is x(h)?
-5
Let o = 15 - 11. Let z(w) = -w**3 - 2*w - w**3 - w**3 + o - 3. Let n be 0 - (2/1 - 3). Determine z(n).
-4
Let k(a) be the second derivative of a**7/2520 + a**6/720 - a**5/40 + 3*a**4/2 + 11*a. Let t(q) be the third derivative of k(q). Calculate t(-3).
3
Let o(s) be the second derivative of s**4 - s**3/6 + 2*s. Let x be (-7)/(14/4) - 7. Let c be (-1)/(-2 + x/(-3)). Give o(c).
13
Let f(m) = 2*m - m - 2*m. Let j(s) = -s**3 - 2*s**2 + 4*s + 3. Suppose n + 10 = -4*o - 2, -3*o + 5*n = 9. Let w be j(o). Give f(w).
0
Let v(a) be the second derivative of a**3/3 - 2*a**2 + 42*a. Suppose -u + 2 = 0, -2*y = -y - 3*u + 2. What is v(y)?
4
Let u be (-2)/(-11) + 1105/(-935). Let w(h) = -2*h + 1. Determine w(u).
3
Let d(n) = -3 - 6 - n**3 - 13*n + 33 - 15*n**2 - 10. Calculate d(-14).
0
Let n(p) = p + 5. Suppose h - 1 = -9*r + 7*r, 2*h + 2 = -2*r. Calculate n(h).
2
Let x(b) be the second derivative of -b**4/12 + 2*b**3/3 - 3*b**2/2 + 11*b. Let c(s) = s**2 - 3*s + 2. Let a(t) = -4*c(t) - 5*x(t). Give a(5).
-8
Let z(n) = -8*n**2 + 2*n + 44 + 43 + 42 + n**3 - 127. Calculate z(3).
-37
Suppose -5*h - 37 = -12. Let t(z) = -6*z - 12. Let s be t(h). Suppose p = -2*p - s. Let g(l) = -l**3 - 7*l**2 - 8*l - 8. Determine g(p).
4
Let l(r) = 3*r**2 - 69 + 65 - 2*r**2. Give l(3).
5
Suppose 0*b - 88 = 5*q - 4*b, 4*q + 95 = -5*b. Let s be q/6*6/5. Let n(i) = i + 1. Determine n(s).
-3
Let d(b) = -b**3 + b**2 + b + 1. Let f(m) = -15*m**2 + 18. Let g(w) = d(w) + f(w). Calculate g(-14).
5
Suppose 82 = -3*s - 2*o, -s - 2*o + 158 = -6*s. Let i = s - -32. Let q(p) = -p**2 + 2*p - 2. Give q(i).
-2
Let h(j) = 2*j - 5221 - 2*j**3 - 14*j**2 + 5225 + 0*j**3. Give h(-7).
-10
Let a(k) = -k**2 + 6*k - 6. Let r = -14 + 8. Let c = 6 + r. Suppose -4 = -g - c*g. What is a(g)?
2
Let q(d) = 6*d**3 - 6*d**2 + 8*d - 1. Let l(j) be the second derivative of -j**5/4 + 5*j**4/12 - 7*j**3/6 + 5*j. Let u(z) = -7*l(z) - 6*q(z). Calculate u(0).
6
Let u(d) = 3*d + 1. Suppose -7*h - 10 + 24 = 0. Suppose -5*t = -4*t - h. What is u(t)?
7
Let f(j) = -2*j**2 + 15*j - 12. Let r be (-17 + 14)/(6/(-14)). Give f(r).
-5
Let p(s) = s**2 - 4*s - 1. Suppose 0 = 3*g - 6 - 0. Suppose 98 = g*b + 5*b. Let z be ((-24)/21)/((-4)/b). Give p(z).
-1
Suppose 5*d - 31 = -2*l - 9, 4*l + 3*d - 30 = 0. Let n(q) = 6*q - 11. Calculate n(l).
25
Let g(v) = 2 + 2 + v + 0*v - 3*v. Suppose 16*u - 11*u - 15 = 0. Give g(u).
-2
Suppose 4*y - y - v = 7, -4*y - 4 = -4*v. Suppose -a = -5*j - 2, -2*a - 2*j + y = -7*j. Let s(n) = 0 + 0 - a + 6*n. Determine s(2).
10
Let z(u) = u**2 + 6*u + 2. Suppose -3 = -4*j - 5*o - 5, -2*o + 6 = 5*j. Suppose -j*a + 7*a = 35. Suppose 2*i = 5*x - 8, a*x - 2*x = 0. Calculate z(i).
-6
Let z = -49 - -54. Suppose t - z*n + 11 = 0, 2*t - 4*n = -3*t - 13. Let s(u) = -5*u + 1. Determine s(t).
6
Let u(s) = 2*s + 2. Let m(w) = 10*w + 22. Let n(b) = -m(b) + 12*u(b). Give n(-4).
-54
Let s(u) = -u - 17. Let t = 1667 + -1671. Determine s(t).
-13
Suppose -4*d - 8 + 26 = -2*b, 5*d = 5*b + 25. Suppose -y - r = 0, -3*r = -0*y + 4*y + d. Let l(i) = -i**2 - 4*i - 1. Calculate l(y).
-1
Let b(t) = -22*t**2 + 5*t - 9. Let l(s) = 19*s**2 - 4*s + 8. Let v(i) = 6*b(i) + 7*l(i). What is v(5)?
37
Let f = -25 - -27. Let o be (-4)/(2 + 2) - -3. Let r(m) = m**o + 1 - 18*m + 22*m - f. Give r(-5).
4
Let m(k) = 2*k - 23. Let h be m(13). Let a(q) = -q. Let p(w) = 4. Let v(o) = h*a(o) - p(o). Calculate v(-5).
11
Let i(u) be the second derivative of -u**3/3 - 2*u**2 - 5*u + 10. Calculate i(-4).
4
Let i(c) = 2*c + 10. Let u be -3 + (-9)/(-54)*18. Determine i(u).
10
Let r = 123 + -131. Let v(c) = -c**3 - 9*c**2 - 9*c - 1. Give v(r).
7
Let f(h) = h**3 + 3*h**2 + h - 2. Let w be (84/70)/((-6)/40). Let q = w + 5. Calculate f(q).
-5
Let n(k) = -4*k + 3 + 5*k - 4*k. Let s be (-8 + 12)*2/(2/1). Determine n(s).
-9
Let s(a) = 6*a - 22. Let n = -1714 + 1721. What is s(n)?
20
Let k(s) = 7*s**2 + 11*s + 6. Let o(r) = -3*r**2 - 6*r - 3. Let p(i) = 4*k(i) + 7*o(i). Determine p(-2).
27
Suppose 22 = 4*l - 5*n, -5*n + 6 + 4 = 0. Let y(t) = -2*t + 3. Let i(g) = g. Let z(u) = i(u) + y(u). What is z(l)?
-5
Let b(u) = 1 - u + 2 - 5. Let z(k) = -3*k - 2. Let p(x) = -10*x - 7. Let t(o) = 2*p(o) - 7*z(o). Let q be t(-5)